*t - 99. List the prime factors of t.
2, 3, 5, 11
Let a(j) = j**3 - 25*j**2 - 18*j + 41. Suppose -d + t + 22 = 0, 4*d - t = 13 + 87. List the prime factors of a(d).
3, 83
Let i be ((-4)/(-8))/(1/42). Let z(b) = -3*b - 28. Let t be z(-7). Let f = t + i. What are the prime factors of f?
2, 7
Suppose -3*a - 2*f + 397 = 0, -3*a = f - 281 - 117. What are the prime factors of 3 - 0 - a/(-7)?
2, 11
Let s(j) = j**2 - 13*j - 11. Let l be s(14). Let r(z) = 11 + 3 + 10*z**2 - z**3 - l*z - 24. What are the prime factors of r(9)?
2, 11
Suppose -21*h + 51 = -20*h. What are the prime factors of h?
3, 17
Suppose 44*b - 33*b - 473 = 0. What are the prime factors of b?
43
Suppose 4*l - 18302 = -22*g + 24*g, 2*l + g - 9153 = 0. List the prime factors of l.
2, 11, 13
Suppose 6*j - 3192 = -0*j. Suppose -v - s + 133 = -3*s, -4*v + j = 4*s. What are the prime factors of v?
7, 19
Let k(s) = -6*s + 2. Let t(y) = 5*y - 1. Let g be t(-2). Let b be k(g). Let v = b + -37. What are the prime factors of v?
31
Let b(z) = 48*z + 92. List the prime factors of b(12).
2, 167
Let h = 1817 - 1355. What are the prime factors of h?
2, 3, 7, 11
Let y = -283 + 684. List the prime factors of y.
401
Suppose 0 = -n - l + 7, 3*n - l = 9. Let b be (1/1 + 0)*n. Suppose 5*o - b*o - 40 = 0. List the prime factors of o.
2, 5
What are the prime factors of (-4522)/(-68) + 21/6?
2, 5, 7
Let v = -361 - -427. List the prime factors of v.
2, 3, 11
Let d = 981 + -427. List the prime factors of d.
2, 277
Let k(j) = -28*j + 398. List the prime factors of k(0).
2, 199
Let m(v) = -146*v + 7. List the prime factors of m(-5).
11, 67
Let u(x) = 5*x**2 + 8 - 6*x**2 + 13*x + 2*x**2. Let q be u(-11). What are the prime factors of (-222)/q + (-2)/(-14)?
2
Let u(v) be the first derivative of v**2 + 8*v + 2. Suppose -3*a + 18 = 3*m, -2*a = -a - 1. What are the prime factors of u(m)?
2, 3
Suppose -a = 3*a - 180. Suppose j - a = -4*j. What are the prime factors of j?
3
Suppose -2 = -3*c + 2*c. Let l = c - 4. List the prime factors of -1 + (0 - l - -13).
2, 7
Let i(w) = 2*w + 16. Let q be i(0). List the prime factors of 10*1*184/q.
5, 23
Let u be -4 + -1 + (1 + 5 - 3). List the prime factors of u/(-8) - (-7160)/32.
2, 7
What are the prime factors of -2*(16785/(-10))/9?
373
Suppose 38*d = 35*d + 2838. List the prime factors of d.
2, 11, 43
Let l(p) = -p**2 + 2. Let y be l(0). Suppose -y*k - 6 = 0, -k = -5*d + 182 + 86. List the prime factors of d.
53
Let a(y) = -y + 1. Let o be a(-3). Suppose -o*c - 368 = -8*c. What are the prime factors of c?
2, 23
Let k(u) = u**3 - 4*u**2 - 2*u - 2. Let a = -12 + 16. Suppose -a*x - 3 = -23. What are the prime factors of k(x)?
13
Suppose 17*i = 7747 + 9576. List the prime factors of i.
1019
Let r(i) = -i**3 + i**2 + 4*i + 9. Let n be r(0). Suppose -17 = -10*h + n*h. What are the prime factors of h?
17
Suppose -2*f - 5 + 2 = -l, 0 = -3*f + 4*l - 2. List the prime factors of (-1)/f - 645/(-10).
5, 13
Suppose 5*t + 1177 = 3*o, 0 = 2*o - 3*t - 158 - 626. List the prime factors of o.
389
Let i = 72 + -70. Suppose 1512 = 12*y + i*y. What are the prime factors of y?
2, 3
Suppose -5*y = -20 + 10. What are the prime factors of y?
2
Suppose 10 = -2*d, 59 - 616 = -2*n + d. Let c = -191 + n. What are the prime factors of c?
5, 17
Suppose -2*w + 5 - 1 = 4*q, -5*w + 4*q - 18 = 0. List the prime factors of 53/(-2)*w - 12/4.
2, 5
Suppose 3*t - 492 = 138. Suppose j - 5*j = -2*f + 118, 3*f - t = -5*j. List the prime factors of f.
5, 13
Let n = -248 - -580. List the prime factors of n.
2, 83
Let n(l) be the second derivative of l**3/2 - 3*l**2 + 26*l. What are the prime factors of n(19)?
3, 17
Suppose 7*v + 6*v - 71500 = 0. List the prime factors of ((v/15)/(-10))/(2/(-6)).
2, 5, 11
Suppose 0 = o - 2*o. Let b be (3 + -1 - o) + -12. What are the prime factors of (-304)/b + (-2)/5?
2, 3, 5
Let s(l) = 2*l + 5. Let k be s(-5). Suppose 32*h - 1056 = 8*h. What are the prime factors of (h/10)/((-2)/k)?
11
Let r = 178 - -50. Let u = -155 + r. List the prime factors of u.
73
Let h(q) = -3*q**3 + 2*q**2 + 7*q + 6. List the prime factors of h(-6).
2, 3, 19
Suppose 685*b - 678*b = 18760. What are the prime factors of b?
2, 5, 67
Suppose 282 = 5*i + 52. Suppose -i*r + 48*r = 180. What are the prime factors of r?
2, 3, 5
Let q(g) = -5*g + 2. Let v be q(-8). Let h be v/(-4) - (-30)/20. Let d(i) = -4*i + 2. What are the prime factors of d(h)?
2, 19
What are the prime factors of (-8)/6*(56 + -1880)?
2, 19
Suppose b = -7*i + 2*i + 31, -b - 3*i + 21 = 0. Suppose 7*g = b*g + 5. List the prime factors of g.
5
Let t(n) = -2*n**2 + 46*n - 26. List the prime factors of t(11).
2, 7, 17
Let p be 3 + (-15)/6 + (-213)/(-6). Suppose -2*k + 140 = -p. What are the prime factors of k?
2, 11
What are the prime factors of 143450/65 - 9/(-117)?
2207
Let v be 285/(-1) - -2*(-1)/2. Let x = 509 + v. What are the prime factors of x?
223
Let s = 5742 + -3767. What are the prime factors of s?
5, 79
What are the prime factors of (856/(-4))/(2/(-3))?
3, 107
Let v(a) be the first derivative of a**4/4 - 9*a**3 + 4*a**2 - 20*a + 2. List the prime factors of v(27).
2, 7
Let y = -22 + 22. Suppose -t - 4*k + 6 + 2 = y, 0 = 5*t + 2*k - 40. List the prime factors of t.
2
Suppose 0 = 27*w - 83458 - 188. List the prime factors of w.
2, 1549
Let p(t) = 37*t**2 + 27*t + 88. List the prime factors of p(-7).
2, 107
Let x(w) be the second derivative of 11/2*w**2 - 4*w + 0 + 1/6*w**3. What are the prime factors of x(11)?
2, 11
Let y = -90 - -93. Suppose -a + 2*z = -242, 4*a + 0*a + y*z - 979 = 0. What are the prime factors of a?
2, 61
Suppose 45 = 9*w - 6*w. Suppose 10*k = w*k - 375. List the prime factors of k.
3, 5
What are the prime factors of ((-10)/(-3))/(-2)*3*-105?
3, 5, 7
Let k = -8 - 8. Let j = 20 - k. List the prime factors of j.
2, 3
Suppose -v - 3 = 0, -5*f - 3*v + 342 + 414 = 0. List the prime factors of f.
3, 17
Let b = -32 + 24. Let x(g) = g**2 + 6*g - 2. List the prime factors of x(b).
2, 7
Suppose 5*p = 2*w + 6, -3*p - 11 = 3*w - 2. Suppose 5*m - 51 = 3*q, -2*q + p*q = -4*m + 36. List the prime factors of q/(4/1) + 10.
7
Suppose -3*d + 472 = -3*a + 1423, -307 = -a + 3*d. Suppose -3*h + c = -a, 5*h - 429 = h + c. What are the prime factors of h?
107
Let n = 6265 + -2003. List the prime factors of n.
2, 2131
Suppose -33*c + 13*c = -9340. List the prime factors of c.
467
Let v = -3 + -1. Let n be (v + 11)*(-26)/(-2). Let t = -58 + n. List the prime factors of t.
3, 11
List the prime factors of 309 - (1 - 72/12).
2, 157
Let p = 1616 - 1470. List the prime factors of p.
2, 73
Let y = 204 - 4. What are the prime factors of y?
2, 5
Let n(d) = -d**3 + 9*d**2 + 5*d - 25. List the prime factors of n(8).
79
What are the prime factors of (-2)/(42/(-35))*21?
5, 7
Let g = 23 + -19. Let p(x) = -x**3 + x**2 + x - 2. Let b be p(g). List the prime factors of (15/6)/(-5)*b.
23
Let q = 233 + 546. What are the prime factors of q?
19, 41
Suppose 8*l - 8 = 4*l. Suppose -5*j + 209 = l*c - 10*j, -3*c + j + 307 = 0. What are the prime factors of c?
2, 3, 17
Suppose -80 = -3*d - b, -3*b - 56 = -2*d - b. Suppose -d = -5*n + 33. Suppose n = 3*s - 9. What are the prime factors of s?
7
Suppose 0 = -5*h - 2*z - 10, 13 = 3*h - 4*z - 7. Suppose -n - 2*j + h*j = -5, j = n + 7. List the prime factors of (14/(-4))/(n/18).
3, 7
Let p = 1480 - -654. What are the prime factors of p?
2, 11, 97
Suppose 6 + 0 = 3*c + 4*i, -5*i + 8 = 4*c. Suppose -c*z + 26 = -2*p + 2*z, -2*z = -4. Let k(d) = -d**2 - 11*d + 19. List the prime factors of k(p).
37
Let k be 5/10*-6 - -138. Let f = k - 84. List the prime factors of f.
3, 17
Let x(o) = 3*o**2 - 41*o - 28. Let a be x(19). List the prime factors of 12 + a - (-4)/(-2).
2, 11, 13
Let g(r) = r**2 + 15*r + 19. Let c be g(-14). Suppose -3*f - 20 = -8*f, f + 486 = c*t. List the prime factors of (-184)/(-14) - 14/t.
13
Suppose -3*y = 16*y - 16777. List the prime factors of y.
883
Let m(q) = q**3 - 5*q**2 + 3*q - 5. Let l be m(5). Let k = -15 - l. Let i = -16 - k. List the prime factors of i.
3
Let f(y) = y**2 + 2 + 8*y - 2 + 8 - 2. Let h be f(-9). List the prime factors of 483/h - 2/10.
2
Suppose -3*u - u = -3*i + 18, 4*i - 14 = 2*u. Suppose i*p = -5*p + 259. List the prime factors of p.
37
Suppose 4*x = 2*u + u + 55, -2*u - 10 = 0. Let z be (-3